14) in base 9?
10282
-240 (base 6) to base 10
-96
What is 671 (base 9) in base 16?
226
What is -a86 (base 12) in base 11?
-1182
110212201 (base 4) to base 5
10200020
Convert -a2 (base 14) to base 9.
-167
Convert 1719 (base 14) to base 10.
4139
24243 (base 6) to base 14
141d
What is 42a1 (base 12) in base 7?
30226
Convert 44726 (base 8) to base 2.
100100111010110
21310 (base 4) to base 16
274
1001110000000010 (base 2) to base 5
2234223
Convert 67a9 (base 12) to base 9.
16703
What is e37a (base 16) in base 10?
58234
-3120 (base 4) to base 2
-11011000
Convert -2142 (base 9) to base 3.
-2011102
What is 4261 (base 7) in base 8?
2751
What is 52102 (base 6) in base 4?
1230212
-25b (base 12) to base 13
-218
What is -110110010 (base 2) in base 8?
-662
427d (base 15) to base 2
11011011110100
-320 (base 10) to base 5
-2240
What is -735 (base 10) in base 15?
-340
What is 100101111 (base 2) in base 16?
12f
Convert 1628 (base 10) to base 5.
23003
Convert 1df (base 16) to base 6.
2115
Convert -4411 (base 6) to base 12.
-707
Convert -162 (base 11) to base 4.
-2331
-12047 (base 9) to base 16
-1f7e
-49b (base 16) to base 4
-102123
Convert -1424 (base 6) to base 15.
-1a1
What is -1440 (base 5) in base 15?
-115
What is -243414 (base 5) in base 7?
-35631
What is -11321 (base 5) in base 11?
-6a0
-68223 (base 9) to base 13
-1786b
What is 948 (base 10) in base 6?
4220
What is -9950 (base 10) in base 15?
-2e35
What is 4e1 (base 16) in base 13?
751
What is -1341 (base 6) in base 4?
-11131
Convert -2414 (base 6) to base 15.
-291
-6083 (base 10) to base 16
-17c3
41543 (base 9) to base 14
9dc5
-4231 (base 5) to base 16
-236
-23204 (base 6) to base 14
-12cc
What is -1a2e (base 15) in base 3?
-21202222
-6a3 (base 11) to base 3
-1011002
What is 4b85 (base 15) in base 9?
24068
What is -14c0 (base 13) in base 15?
-d6e
Convert 4131 (base 6) to base 10.
919
Convert 111000010 (base 2) to base 7.
1212
What is 10a (base 14) in base 4?
3032
-18 (base 11) to base 14
-15
What is -1112020 (base 4) in base 12?
-3234
Convert 2782 (base 12) to base 16.
11d2
100001122 (base 3) to base 11
4a65
What is 131333 (base 5) in base 4?
1101202
Convert -244404 (base 6) to base 14.
-7cd6
What is b70 (base 12) in base 2?
11010000100
What is -3200 (base 8) in base 16?
-680
Convert -5623 (base 8) to base 12.
-186b
What is 1222022 (base 5) in base 7?
125120
What is -1b (base 13) in base 9?
-26
-2f9 (base 16) to base 14
-3c5
10 (base 14) to base 3
112
-22001 (base 4) to base 14
-33b
Convert c04 (base 16) to base 6.
22124
Convert 331 (base 11) to base 6.
1501
What is -30800 (base 9) in base 4?
-10331223
Convert 4c8 (base 16) to base 12.
860
Convert 19484 (base 10) to base 14.
715a
What is -20300211 (base 4) in base 11?
-24a56
Convert -1404304 (base 5) to base 13.
-100b0
-4214 (base 6) to base 12
-66a
What is 257 (base 10) in base 4?
10001
-1643 (base 12) to base 5
-41033
What is 3300022 (base 4) in base 11?
10603
What is 103442 (base 5) in base 11?
27a3
Convert -805 (base 10) to base 2.
-1100100101
What is 42344 (base 5) in base 13?
13b2
-22a0b (base 12) to base 3
-2100121202
What is 64664 (base 7) in base 15?
4b98
What is -212 (base 15) in base 10?
-467
1844 (base 11) to base 2
100100101011
Convert 5162 (base 8) to base 16.
a72
-1429 (base 10) to base 13
-85c
What is 131335 (base 7) in base 5?
1241101
What is 153a0 (base 13) in base 10?
40183
-5558 (base 16) to base 9
-32865
Convert -1010001000011111 (base 2) to base 12.
-20027
-4817 (base 9) to base 12
-20a4
Convert 189 (base 12) to base 3.
100020
What is -101022012 (base 3) in base 16?
-1d57
Convert -2728 (base 15) to base 13.
-3a64
What is -1b14 (base 16) in base 12?
-4018
Convert -1013 (base 6) to base 4.
-3201
3320 (base 8) to base 14
8c8
What is -1ca (base 13) in base 3?
-110102
1194 (base 16) to base 10
4500
-2273 (base 8) to base 10
-1211
-a25 (base 16) to base 12
-1605
-2277 (base 16) to base 3
-110002210
Convert -22 (base 7) to base 16.
-10
What is 100101100 (base 2) in base 10?
300
What is -25015 (base 6) in base 4?
-321203
3144114 (base 5) to base 6
1045310
-210320 (base 6) to base 2
-100001001001000
Convert 21111 (base 5) to base 16.
57e
122101 (base 3) to base 2
111010101
-2653 (base 10) to base 13
-1291
What is -664 (base 10) in base 15?
-2e4
201102 (base 3) to base 9
642
What is 7bd (base 15) in base 8?
3331
What is -4d1 (base 16) in base 6?
-5413
What is 3137 (base 12) in base 4?
1103323
-1146 (base 10) to base 11
-952
What is -211 (base 14) in base 3?
-120002
Convert -a10 (base 11) to base 9.
-1606
1625 (base 8) to base 7
2450
Convert 14740 (base 8) to base 14.
25b2
Convert -3521 (base 6) to base 14.
-441
Convert -1100010000001 (base 2) to base 11.
-4793
Convert 16c (base 14) to base 13.
196
Convert 894 (base 13) to base 16.
5c1
What is ac (base 15) in base 10?
162
Convert -78d (base 15) to base 9.
-2307
Convert 92a6 (base 11) to base 5.
343322
643 (base 9) to base 4
20031
-2020 (base 9) to base 3
-2000200
-157 (base 10) to base 9
-184
Convert -40023 (base 6) to base 2.
-1010001001111
Convert -10100202 (base 3) to base 4.
-212102
What is 31260 (base 7) in base 5?
221221
-4133 (base 14) to base 7
-44463
11882 (base 10) to base 6
131002
Convert 1000022222 (base 3) to base 4.
10313111
Convert -312303 (base 4) to base 7.
-13140
Convert -167 (base 12) to base 14.
-11d
What is 416 (base 8) in base 15?
130
1b26 (base 14) to base 16
1346
What is -1023002 (base 4) in base 5?
-123202
Convert 11110001111 (base 2) to base 16.
78f
-1941 (base 11) to base 7
-10121
1858 (base 9) to base 3
1221222
-9658 (base 10) to base 14
-373c
Convert -1011201 (base 3) to base 6.
-3544
What is 127 (base 8) in base 7?
153
What is 103300 (base 4) in base 8?
2360
-73a (base 12) to base 9
-1401
What is -776b (base 12) in base 5?
-410222
-122211 (base 3) to base 6
-2121
What is -11210022 (base 3) in base 2?
-110110100011
126526 (base 7) to base 16
5d7c
What is -55310 (base 8) in base 5?
-1220430
-10114 (base 5) to base 7
-1631
120220100 (base 3) to base 15
367c
What is -210022002 (base 3) in base 11?
-10736
Convert 1695 (base 15) to base 8.
11401
-33150 (base 6) to base 16
-11fa
What is -120200 (base 3) in base 4?
-12213
What is 445 (base 7) in base 2?
11100101
What is 12783 (base 11) in base 10?
18241
What is 120011 (base 3) in base 8?
631
What is -21432 (base 7) in base 15?
-18c9
Convert -35 (base 6) to base 3.
-212
Convert 11101110101 (base 2) to base 9.
2551
202012 (base 3) to base 7
1406
What is 23362 (base 9) in base 8?
36370
Convert -568 (base 9) to base 12.
-32b
What is -1747 (base 14) in base 6?
-31203
Convert -2287a (base 12) to base 9.
-70304
Convert 111110000100 (base 2) to base 10.
3972
What is -31a (base 13) in base 5?
-4110
10546 (base 8) to base 5
120304
Convert 212212 (base 3) to base 10.
644
What is -1001110011011 (base 2) in base 16?
-139b
What is 3651 (base 9) in base 5?
41334
Convert -b880 (base 13) to base 5.
-1304443
Convert 122110 (base 3) to base 8.
727
What is 461 (base 7) in base 5?
1424
What is 210202 (base 4) in base 15?
a5d
What is -32334 (base 5) in base 2?
-100010101011
-13032 (base 4) to base 14
-250
What is -970 (base 10) in base 16?
-3ca
What is 37eb (base 16) in base 8?
33753
Convert -8637 (base 16) to base 6.
-423023
Convert c1 (base 16) to base 14.
db
80 (base 11) to base 16
58
What is -3743 (base 9) in base 15?
-c63
Convert -3314 (base 6) to base 13.
-46c
What is 19a46 (base 13) in base 3?
2112200220
Convert 1050 (base 7) to base 6.
1430
-474 (base 8) to base 15
-161
Convert 972 (base 11) to base 14.
5d6
Convert 12323 (base 5) to base 16.
3c3
Convert 155214 (base 6) to base 7.
62644
What is -b1b (base 14) in base 13?
-cba
Convert -2b35 (base 15) to base 11.
-6a72
What is 40302 (base 5) in base 10?
2577
What is 16462 (base 7) in base 9?
6401
-29e (base 15) to base 4
-21113
Convert -10020001 (base 3) to base 5.
-33400
-21112102 (base 3) to base 6
-41232
What is -11314 (base 6) in base 12?
-b3a
What is 3554 (base 11) in base 10?
4657
4250 (base 6) to base 14
4d0
-162 (base 16) to base 12
-256
Convert 46533 (base 7) to base 8.
27233
What is 62 (base 14) in base 6?
222
What is -1022101 (base 3) in base 14?
-4c3
Convert 6ac (base 14) to base 16.
530
127a (base 11) to base 7
4561
Convert -44b (base 12) to base 14.
-335
Convert -268 (ba